site?
True
Suppose -204383 = 1448*a - 1453*a + 44132. Is a prime?
False
Let z be 990/264 + (-1)/(-4). Is (z/(-10))/(-10 - 377740/(-37775)) composite?
False
Let k = -60962 - -114543. Is k a composite number?
True
Let z = -262 + 98. Let m be z/(-10) + (-4)/10. Is (-117)/(-15) - m/20 a composite number?
False
Suppose 2*r - 77 = -4*g + 233, -4*g = -5*r - 303. Let u(y) = 39*y + 1939 - g*y + 40*y. Is u(0) prime?
False
Let j(w) = 69*w + 929. Let b be j(10). Suppose -5*v = 3*g - 7145, 0 = 3*g + 5*v - 2*v - 7149. Let z = g - b. Is z a prime number?
False
Suppose h = -5, 174 = -t + 7*h - 3*h. Let j = t + 368. Let o = j - -703. Is o prime?
True
Suppose 0 = -5*s - 10*g + 7*g + 1756, 2*s = 2*g + 696. Let l = 1083 - s. Is l prime?
True
Suppose 0 = -6*b + 2628265 + 588809. Is b a prime number?
False
Let q = 275911 - 133712. Is q composite?
True
Suppose 2*s - 7247 - 10979 = -4*k, 0 = -2*k + 6. Let y = s + -1290. Is y a prime number?
True
Suppose 6 = -2*l, 5*t - 125*l - 86993 = -129*l. Is t a composite number?
False
Let p = -75 + 309. Suppose -r + 3*r = -p. Let o = 244 + r. Is o a prime number?
True
Let j = 21776 - 3200. Suppose -2714 = -c - 2*x + 3473, 0 = 3*c + 3*x - j. Is c a prime number?
True
Let t = -53 - -72. Suppose 11*j - t*j + 27320 = 0. Is j a composite number?
True
Let p = 724177 + -358550. Is p composite?
False
Suppose 4*p = -2*o - 8, 2*o - 11 = 4*p + 13. Is 3300 + o + -3 + -2 a composite number?
False
Let p(s) = s**2 + 7*s - 6. Let w be p(-9). Suppose 7*i = w*i - 5. Is 2872/2 + i + 0 prime?
False
Suppose 2*i = 3*n + 8406, i = -n - 0*i - 2797. Let f = 4435 + n. Let b = -714 + f. Is b a prime number?
False
Let l(x) = 19*x**3 - 82*x**2 + 96*x + 160. Is l(27) a composite number?
False
Suppose -23849 = -84*v + 83*v. Let w = -15800 + v. Is w prime?
False
Let d = 4360 - -42679. Is d a composite number?
True
Suppose -42*w = -268*w + 81490952 + 72710430. Is w a prime number?
True
Let j(w) be the first derivative of -291*w**4 - 2*w**3/3 + w**2/2 + 2*w + 63. Is j(-1) prime?
True
Let l be (-3)/(-12) + 344/32. Suppose -i - l = -3*s, -2*i - 2 = 4*s - 0*s. Is ((-16)/8)/(s/(-797)) a prime number?
True
Suppose 1 = 2*d + j - 0, -5*j - 16 = 3*d. Suppose 2*h = -l + 3505, 2*l + d*h - 7014 = -2*h. Is l a composite number?
True
Let d(s) = 7*s**2 + 7*s - 149. Is d(12) prime?
False
Suppose -5*t - 7*q = -2*q + 47465, -3*q = -6. Is (1/3)/((-15)/t) a composite number?
False
Let v(i) = 6*i**3 + 3*i**2 + 20*i - 11. Let g(j) = -4 - 2*j + 8*j + 5*j**3 - 3*j**3 + j**2 + j. Let l(x) = -11*g(x) + 4*v(x). Is l(2) prime?
False
Let w(i) = 2*i**2 - 205*i + 123793. Is w(0) a prime number?
False
Let l(z) = z**3 + 2*z**2 - 5*z - 4. Let d be l(-3). Suppose d*j - k = 2171, -5*j - 2*k + 0*k + 5405 = 0. Let m = j + -752. Is m a prime number?
True
Is (11 + -12)*(-311255)/7 composite?
True
Suppose -7*c = -9098 - 8584. Let z = c - 815. Is z a composite number?
True
Suppose 5*s = -5*k + 45, 5*k - 3 = 2. Let f = 10 - 6. Is (f + (-36)/s)*-1366 a prime number?
True
Let u(d) = 2100*d - 1461. Is u(122) a prime number?
False
Suppose -8*o = -11*o + m + 17770, -4*o + 25*m = -23717. Is o prime?
True
Let z be (3394/(-6))/(57/(-171)). Suppose 2*p - 4*t - 3329 - z = 0, 7547 = 3*p - 4*t. Is p prime?
True
Suppose 3*x = -2*l - 72, -x = 4*l + l + 167. Let u be 1/(-4) + l/12 + 7. Suppose -292 = -u*o + 216. Is o a prime number?
True
Let r = 355 + -744. Let f = -781 - -555. Let y = f - r. Is y a composite number?
False
Suppose -22*b - 27 = -71. Suppose -3*z + 19554 = 5*h - 2*h, -b*h = 4*z - 13030. Is h prime?
True
Let c = -64 - -99. Suppose -4*a = -3*n + c, 2*a - 6*a = n + 15. Suppose -10*t + 3*o = -5*t - 5275, n*t - o - 5275 = 0. Is t prime?
False
Suppose 5*b - d - 76384 = 0, -3*d + 6*d = 5*b - 76392. Let v = 22081 - b. Is v composite?
True
Let j(b) = 44*b**2 - 15*b - 187. Is j(-26) a composite number?
False
Let m be (-2)/(-14) + (-14)/98. Suppose m = -3*n + 11 - 14, 4*v = 2*n + 20566. Is v a composite number?
True
Suppose -k + 20051 = -3*h - 11654, k = 2*h + 31699. Is k prime?
True
Suppose -230*q - 3580174 + 13893690 = -2111544. Is q composite?
True
Suppose 40 = -3*p + 130. Let c(u) = 1 + 11*u**2 + 37*u**2 + p*u**2 + 1 + 3*u. Is c(3) a composite number?
True
Suppose 3*f + 4*k = 1328, 2*f = -0*k - 2*k + 886. Let a = 763 - f. Is a a prime number?
False
Let i be (2/(-4))/((-24)/(-1104)). Let g be (i/(-3))/((-18)/(-1404)). Suppose -g = -2*s + 3*r, 5*r = 2*r - 12. Is s prime?
True
Let b(c) = -2*c**2 - 18*c + 7. Let m = -45 + 57. Let u be b(m). Let w = u - -790. Is w prime?
True
Is (20 + (-3284974)/88)/(2/(-8)) composite?
True
Suppose -7*k = -15*k - 0*k. Suppose k = 2*r - 21*r + 103949. Is r composite?
False
Let s(o) = -o**2 - 8*o + 24. Let h be s(-10). Suppose 3 = h*f - 21. Suppose 0 = -k - f*k + 14287. Is k composite?
True
Let m(f) = f**2 - 19*f. Let l be m(19). Suppose -4*o + 9176 = -0*d + d, -o - d + 2297 = l. Is o prime?
True
Let t be -125 - 2/4*6. Let g = -713 - -534. Let x = t - g. Is x a prime number?
False
Let d = -89547 + 181844. Is d a prime number?
True
Let s(p) = -p**3 - 17*p**2 + p + 21. Let c be s(-17). Suppose c*l - 155 = 2649. Suppose -l = -t - 3*x, 707 - 22 = t - 5*x. Is t a composite number?
True
Let q = -5 + -1. Let s be 5/2*q/(-5). Suppose 0 = -2*p + s*a + 866 + 967, -a + 2766 = 3*p. Is p composite?
True
Let s be (-3)/18 + (-38)/36*-3. Suppose 3*x = 4*j + 23023, 3641 = -s*x + j + 26652. Is x a composite number?
False
Let s be (-1 - -2)*12*(-49)/(-98). Suppose 4*t - s*t + 2*x = -8260, -4*t + x = -16511. Is t a prime number?
True
Let h = 8397 - 4659. Suppose -4*o + h = -3026. Let k = o + -1060. Is k a composite number?
False
Let w = 164 + -158. Suppose -c + 1503 = -2*n, -c + 4*n = -w*c + 7585. Is c a composite number?
True
Let r(w) = 432*w**2 - 54*w + 91. Is r(2) a prime number?
False
Suppose 2*v - 156 + 146 = 0. Suppose -4*i = -5*r + 283891, 4*r - r - 170342 = -v*i. Is r a composite number?
False
Let b(c) = 41*c + 15206. Is b(0) a prime number?
False
Let m(o) = 494*o**2 + 2*o - 3. Let b = -199 - -197. Is m(b) composite?
True
Is ((-12)/(-84))/((-4)/(-381164)) prime?
True
Let f = 164 - 147. Suppose 2*c - 3021 = 5*x, 0 = 3*x - 32 + f. Is c prime?
True
Let b = -28 + 32. Suppose 0 = 3*o - 6, 2*o + 789 = 4*u - 1355. Suppose -1090 = -2*x + b*d, 0 = 2*x - 3*d - u - 551. Is x a composite number?
False
Suppose 4*u = -0*u - 96. Let k = 29 + u. Suppose -a + 1686 = k*f, 0 = -5*f + a - 0*a + 1684. Is f prime?
True
Let m be (-45)/54 + 1 + (-101)/(-6). Suppose -m*s + 16*s + 581 = 2*p, 3*s - 1764 = p. Is s a prime number?
True
Is ((-4692685)/(-25))/(10/50) a prime number?
True
Suppose 92 = -5*y - 1233. Suppose 0 = -3*u - 2442 + 390. Let s = y - u. Is s prime?
True
Let v = 10 - 3. Let s = 273 + -150. Suppose -v*k + 94 = -s. Is k composite?
False
Suppose -14*s + 5*k = -16*s + 33556, -33580 = -2*s - k. Is s a prime number?
False
Let i be 82/287 + ((-1668)/14)/(-3). Suppose -35*w = -i*w + 17770. Is w a prime number?
False
Suppose 3631*m + 104278 = 3633*m. Is m prime?
False
Let o(s) = -4*s**3 - 52 + 3*s**2 - 18*s - 3*s**2 + 6*s**2 + 13. Is o(-7) a composite number?
False
Let b = -38 - -64. Suppose -11 = -3*n + 76. Suppose b*w = n*w - 2559. Is w a composite number?
False
Let d(b) = -b + 4. Let p be d(1). Suppose h = 2 - p. Is (6/18)/(h/(-1335)) a prime number?
False
Let p(s) = 25 + 30 + 28 - s - 87 - 4*s**3 - 4*s**2. Let v(t) = t. Let c be v(-3). Is p(c) a composite number?
False
Let p be (-7 + 2)*(-779517)/135. Suppose -32592 = -q + p. Is q composite?
False
Suppose 77*o - 297869 = 66*o. Is o a prime number?
False
Let z(c) = 6*c**2 - 4*c + 1. Let r be (4/(-6))/(-2) + 94/6. Let x be r/(-2) - 48/16. Is z(x) composite?
True
Let f(k) = 293542*k**3 + 3*k**2 + 137*k - 139. Is f(1) a prime number?
True
Suppose -6*j = -3*j + 5*s - 172219, -j + 57421 = -2*s. Is j a composite number?
False
Let f = -160796 - -251577. Is f a prime number?
False
Suppose 453*r - 209097556 - 13938683 = -35438520. Is r prime?
False
Suppose -1835 = -8*f + 11021. Suppose -11*y - 2397 = f. Is (3 - 5) + -1 - y a composite number?
True
Let a(r) = r**2 + 7*r + 2. Let d be (14/3)/((-22)/33). Let x be a(d). Is 917/(0 + x - 1) prime?
False
Let h(b) = 2773*b - 6. Let p(x) = 32*x - 8. Let z be p(2). Suppose -50*m = -z*m + 6. Is h(m) a prime number?
True
Let w